by k?
3
Let s(k) = -k**3 - 9*k**2 - 2*k + 10. What is the remainder when 66 is divided by s(-9)?
10
Let l(y) = y**2 + 2*y - 4. Let i be l(-4). Suppose 4*b - t + 1 = -i*t, 2*b - t = 7. Suppose -b - 3 = -j. Calculate the remainder when 13 is divided by j.
3
Suppose v = 2*s - 55, -4*s + 2*v + 113 = v. What is the remainder when s is divided by 8?
5
Suppose -p + 115 = -3*i, 2*p + 4*i - 121 = 109. Calculate the remainder when p is divided by 39.
37
Let k(m) = -4*m - 34. Let r be k(-11). Let f = -2 - -7. Let d = f + r. Calculate the remainder when 29 is divided by d.
14
Suppose -p = -5*v - 4*p + 22, 0 = -3*v + 3*p + 18. What is the remainder when 13 is divided by v?
3
Let w be 16/10*(1 - -4). Suppose h - 1 = w. Let n = -497 + 503. What is the remainder when h is divided by n?
3
Let k be 5*(2/10 + -1). Let u = k + 3. Calculate the remainder when 8 is divided by 15/(-6)*(u + -1).
3
Suppose -60 = -5*h + 10. Calculate the remainder when 27 is divided by h.
13
Let c(g) = -3*g - 4. Suppose y + 208 = 238. What is the remainder when y is divided by c(-4)?
6
Let q(g) = 3*g**2 - 32*g + 21. Let u(m) = -2*m**2 + 21*m - 14. Let o(s) = 5*q(s) + 7*u(s). What is the remainder when 20 is divided by o(13)?
6
Let s = -59 + 39. Let i = s - -30. What is the remainder when i is divided by 3?
1
Suppose 2*t - 8 = 2. Suppose -116 = -t*w + w. What is the remainder when w is divided by 15?
14
Suppose -2 = 16*n - 17*n. Let y(k) = -k**2 + 7*k + 3. What is the remainder when y(6) is divided by n?
1
Let l be 7/(-28) - 121/(-4). Suppose s - 29 = -5*d, l = 2*d + 6*s - s. What is the remainder when 18 is divided by d?
3
Let t(h) = -15*h - 24. What is the remainder when 152 is divided by t(-5)?
50
Let t = -2 + 3. Calculate the remainder when 10 is divided by 5/t + 4/(-4).
2
Let c = -87 - -117. Calculate the remainder when c is divided by 12.
6
Let l = 158 - 129. What is the remainder when 85 is divided by l?
27
Let i be (136/6)/(8/24). Suppose -2*d - d - y = -i, -10 = -5*y. Suppose u - 2*u = -5*a - d, -3*u + 3*a = -18. What is the remainder when u is divided by 1?
0
Let r(g) = g - 2. What is the remainder when 8 + -2 + 2 - 2 is divided by r(6)?
2
Suppose 0 = -5*o - 2*x + 58, 4*x - 31 = -5*o + 25. Let v be (4/8)/((-2)/20). What is the remainder when (-1056)/(-30) - (-1)/v is divided by o?
11
Let s = 1 + -2. Let q be (0 - s) + -1 + -3. Calculate the remainder when 20 is divided by 0 + 1 - q*2.
6
Let a be 7*9/21*8. Let t = 66 - 24. Let q = t - a. Calculate the remainder when q is divided by 10.
8
Let q(i) be the second derivative of -i**4/12 - i**3/6 + 35*i**2/2 + 3*i. Calculate the remainder when q(0) is divided by 18.
17
Calculate the remainder when 33 is divided by 30/3 + 9/3 + -1.
9
Let b(c) = c + 5. Suppose -5*s + 222 = 3*p, p = -4*s - 4*p + 175. What is the remainder when s is divided by b(7)?
9
Suppose -6*q - 16 = -4*q + 4*a, 2*a + 8 = 2*q. Suppose -3*r + 4*r - 18 = q. Calculate the remainder when r is divided by 10.
8
Let j(l) = -2*l - 4. Suppose -12 = 3*u - 0*u. Let b be j(u). Suppose m + d - 8 = b*d, -5*d - 21 = -2*m. Calculate the remainder when m is divided by 13.
10
Let s = -1 - -2. Suppose 5*c + 3 - s = 4*p, 4*c = -4*p + 20. Suppose -p*i + 4*t = -10, -2*t - 12 = -10*i + 5*i. Calculate the remainder when i is divided by 1.
0
Let i = -21 - -30. What is the remainder when (610/15 - -2) + (-2)/(-6) is divided by i?
7
Suppose b = l + 16 + 2, 0 = 3*b + 5*l - 22. Calculate the remainder when 20 is divided by (b/4)/(5/10).
6
Suppose 3*c - 54 - 66 = 5*x, 0 = 4*c - 20. Let f = x + 31. What is the remainder when -2 - -1 - (-13 + -6) is divided by f?
8
Let v(f) = f - 3. Let w be v(5). Suppose -w*y = -6 - 88. Suppose -2*i - 8 = 0, 6*p - 3*p = -4*i + 32. What is the remainder when y is divided by p?
15
Let g(z) = z**2 + 5*z + 3. Let v be g(-6). Suppose -v*p = -4*p - 285. Calculate the remainder when p is divided by 12.
9
Suppose -3*y + 4*q = -134, -5*y + q + q + 214 = 0. Suppose -3*m + 144 + y = 0. Let f = 89 - m. What is the remainder when f is divided by 14?
13
Calculate the remainder when ((-1678)/(-10) - 1) + 1/5 is divided by 12.
11
Suppose 3*s - 16 = -4*z, 5*s + 0*s + 4 = z. Suppose z + 59 = 3*v. What is the remainder when v is divided by 12?
9
Let k(f) be the second derivative of f**5/20 + f**4/12 - f**3/6 + 11*f**2/2 + 6*f. Calculate the remainder when 43 is divided by k(0).
10
Let r(z) = z**3 - 5*z**2 - z + 5. Let t be r(5). Suppose t*s + 5*s + 40 = 0. Calculate the remainder when (-5 - s)*(-44)/(-6) is divided by 12.
10
Let r = -26 + 43. Suppose -h - 2*h + 63 = 0. Let w = h + -12. What is the remainder when r is divided by w?
8
Suppose -2*o + 10 = -0*o. Suppose l = 2*l - 4*v - 29, -v - 88 = -o*l. What is the remainder when l is divided by 9?
8
Suppose -4*t = -5*m - 191, -4*t + 4*m + 125 = -63. Suppose 2*f = 4*z + 4, 2*f - 4*z = -8*z + t. Calculate the remainder when 20 is divided by f.
8
Let j(n) = 3*n**2 + 8. Let t(q) = 3*q**2 - q + 9. Let d(c) = 6*j(c) - 5*t(c). Calculate the remainder when 8 is divided by d(-2).
3
Let g(j) = 4*j - 13. Calculate the remainder when g(8) is divided by 5.
4
Suppose 0 = -2*x - x + 222. Suppose -3*k + 42 = 3*z - 27, 0 = -4*z + 5*k + x. Calculate the remainder when z is divided by 11.
10
Suppose -7*q + 33 = -37. Calculate the remainder when 69/4 - (-2)/(-8) is divided by q.
7
Let b(j) = -j**3 + 2*j**2 + 3*j + 4. Let n(r) = 13*r + 1. What is the remainder when b(-3) is divided by n(1)?
12
Let b = 17 - 12. Let t(r) = -7*r**3 + 2*r**3 - b*r**2 + 3 - r + 3*r**3 + 0*r**3. Calculate the remainder when 43 is divided by t(-3).
13
Let g = -38 - -68. Let n(t) = -t**2 - 6*t - 1. Calculate the remainder when (-1)/(-2 - (-58)/g) is divided by n(-3).
7
Suppose -2*p - 4*v = -7*p + 261, -5*v = -p + 48. Let y = -32 + p. Calculate the remainder when -4 - (90/(-4))/(1/2) is divided by y.
20
Let y be 9/12*272/4. Let l be (0*(-2)/4)/(-2). Calculate the remainder when 1 + l - -1*y is divided by 18.
16
Let u = -2 - -4. Suppose 0 = -u*o + 8 - 0. Suppose -o*s + 12 = -92. What is the remainder when s is divided by 14?
12
Let m(t) = t**2 - 10*t - 11. Let d be m(11). Suppose a - 492 = -3*a + 2*o, -4*o - 16 = d. What is the remainder when a is divided by 31?
28
Suppose m + 760 = 5*m. Calculate the remainder when m is divided by 48.
46
Suppose 0*a + 2*a - 193 = s, 0 = -4*a - 4*s + 392. What is the remainder when a is divided by 25?
22
Suppose -4*y = -5*y - 4. Let o = 25 - 17. What is the remainder when o is divided by (-8)/(-2)*(-3)/y?
2
Let b(g) = 12*g**3 - g**2 + 1. Suppose -5*q = -4*i - 9, -3*i + 4 - 9 = -2*q. Calculate the remainder when 33 is divided by b(q).
9
Suppose -3*f + 0*f = -21. Suppose 54 = 2*r - 5*b, -r + b + 42 = 6*b. Calculate the remainder when r is divided by f.
4
Let y(o) = o**3 - o + 10. Let h be y(0). Calculate the remainder when (6/(-15))/((-2)/h) is divided by 2.
0
Let a(d) = 4 - 4 + 4*d + 0. What is the remainder when 22 is divided by a(3)?
10
Let c = -87 + 128. Calculate the remainder when c is divided by 14.
13
Suppose 5*y + 4*p - 71 = 0, -63 + 12 = -5*y + p. What is the remainder when y is divided by 7?
4
Let k = 140 + 49. What is the remainder when k is divided by 32?
29
Let d be ((-36)/(-14))/(3/14). Let p = -4 + d. Calculate the remainder when 15 is divided by p.
7
Suppose -2*q - 99 + 279 = o, 0 = 5*q - o - 450. What is the remainder when q is divided by 47?
43
Let n be -2 - (0 + -3 - 1). Calculate the remainder when 4/(-3)*(-18)/n is divided by 7.
5
Let r be 1 + (3 - (1 - 1)). Suppose 0 = -n, -2*h = -0*n + r*n - 36. Suppose -2*f + f + 2*d = -42, 4*d + 16 = 0. Calculate the remainder when f is divided by h.
16
Let t = -138 - -286. Calculate the remainder when t is divided by 30.
28
Let x = 105 - 92. What is the remainder when x is divided by 3?
1
Suppose -10 = -m - 5*h, -4*h + 4 = m - 8. Calculate the remainder when m is divided by 8.
4
Let c = 1 + 16. What is the remainder when c is divided by 6?
5
Suppose 0*h + 2*h + 88 = 0. What is the remainder when 14 is divided by 12/(-15) + h/(-5)?
6
Suppose 0 = -w - 0*w + 5. Suppose 5*v = 5*z - 2*z + 61, w = v + 3*z. What is the remainder when v is divided by 6?
5
Suppose -g = -24 - 31. Calculate the remainder when g is divided by 14.
13
Suppose 2*t + 30 = 5*t. Let j = -4 + 8. Suppose -w - j*w - 5*i 